*d. What is the remainder when 87 is divided by d?
43
Let j = -21 - -37. Calculate the remainder when (-16)/(-18) + 4048/144 is divided by j.
13
Calculate the remainder when 199 is divided by (-202)/(-5)*(-165)/(-66).
98
Suppose -7076 = -30*g + 394. What is the remainder when g is divided by 14?
11
Let f = 8 + 131. Let n(j) = j**2 + 3*j - 33. Let h(b) = -5*b**2 - 13*b + 131. Let k(c) = -2*h(c) - 9*n(c). Calculate the remainder when f is divided by k(0).
34
Let v be 1 + 1 - (58 - -2). Let l be 36/27 + 500/(-6). Let g = v - l. Calculate the remainder when 70 is divided by g.
22
Let j be (11 - 9)/((-4)/(-766)). Let y = j + -237. What is the remainder when y is divided by 15?
11
Let z = 1373 + -1034. Calculate the remainder when z is divided by 89.
72
Suppose 0 = 46*o - 53*o + 105. What is the remainder when 74 is divided by o?
14
What is the remainder when 20 is divided by 27/63 - (-212)/28?
4
Suppose -2*j = -10, -16*k = -13*k + 3*j - 213. Calculate the remainder when k is divided by 39.
27
Let m(k) = k + 17. Let d be m(-10). Let l = 11 - d. Suppose -5*w - 15 = 0, 3*w + 120 = 5*u - l. What is the remainder when u is divided by 13?
10
Let w be ((-8)/(-20))/((-2)/10). Let l(h) = h + 4. Calculate the remainder when 1*-39*w*3/6 is divided by l(6).
9
Suppose 3*f = -m + 186, -3*f = -5*f - 2*m + 120. What is the remainder when f is divided by 16?
15
Let r = 143 + -310. Let d = r + 293. Suppose 4*c - d = -50. Calculate the remainder when c is divided by 10.
9
Suppose -76 = -4*t + i, 2*t - 5*i + 19 = 3*t. Suppose c + 6 = t. Calculate the remainder when 34 is divided by c.
8
Let u = 1 - 1. Suppose 56 = -u*a + 4*a. What is the remainder when a is divided by 4?
2
Let i = 62 - 43. Let p(y) = 92*y + 103. What is the remainder when i is divided by p(-1)?
8
Let v(l) = l - 6*l + 2*l + 2*l + 10. Let r be v(8). Suppose -24 = -3*j + r*j. What is the remainder when 70 is divided by j?
22
Suppose 8*s - 4*s = -60. Let b be -6 - s - (4 - 2). Suppose -b*n = -2*n + t - 313, -t - 2 = 0. What is the remainder when n is divided by 16?
15
Suppose -5*n + 3 + 17 = 0. Suppose r = -r - 80. Let l = 63 + r. Calculate the remainder when l is divided by n.
3
Suppose -30*z - 312 + 2442 = 0. Calculate the remainder when 211 is divided by z.
69
Let a = -453 + 484. Calculate the remainder when 98 is divided by a.
5
Suppose 2*u - 28 = -2*u. Suppose 3*a + 0*a = 216. Suppose -5*g + 125 = 5*b - 5, 3*g = 3*b + a. Calculate the remainder when g is divided by u.
4
Suppose -5*l + 124 = -2*q, 0*l - 3*l - 144 = 3*q. Let p = q - -78. Let d = p - 21. Calculate the remainder when 9 is divided by d.
4
Suppose 0 = -v + 10 - 3. Suppose 2*s + 3*i = -0*i - 7, -i + 7 = 3*s. Calculate the remainder when v is divided by s.
3
Let s be ((-1)/7)/((-3)/21). Suppose -31 = -6*z - s. Calculate the remainder when 3*-12*(-3)/6 is divided by z.
3
Let x be 1/(-2) + (-2 - (-33)/6). Suppose 0 = x*h - 32 + 8. Suppose a = 4, -3*z + 5*a = -4*z + 34. What is the remainder when z is divided by h?
6
Suppose 4*v = -4*u + 140, 3*u + 64 - 209 = 5*v. Calculate the remainder when u is divided by 35.
5
Suppose -2*s - 48 = s. Let x = 139 + s. What is the remainder when x is divided by 21?
18
Let f be (-27)/6*8/(-12). Suppose 2*y - f*y + 7 = 0. Let d(j) = j**2 - 19*j - 33. What is the remainder when d(21) is divided by y?
2
Suppose -5*y - 3*u = -405, 5*y + 7*u - 6*u = 405. What is the remainder when 155 is divided by y?
74
Let s = 383 + -375. What is the remainder when 174 is divided by s?
6
Let p = 83 - 79. Let h(y) = -y - 4. Let k be h(-6). Suppose -118 = -k*d - d - n, 5*n - 139 = -p*d. What is the remainder when d is divided by 14?
13
Suppose 0*u + 17*u = 5865. What is the remainder when u is divided by 29?
26
Suppose -4*g + 46 = -0*o + 5*o, -5*o = -3*g + 17. Suppose 12 = 3*i + 3. What is the remainder when (-1 + 8/4)*g is divided by i?
0
Let t = -285 + 304. Calculate the remainder when t is divided by 4.
3
Suppose -17 = -4*b + 2*s + 1, -5*s - 24 = -3*b. Let x = -3 + 6. Suppose 2*t + x*c = 10, -5*c + 16 = 3*t + 2. Calculate the remainder when t is divided by b.
2
Let b(p) = 5*p**2 - p + 2. Let m be b(1). Let c = 10 - m. What is the remainder when 49 is divided by 46/c - (-3)/2?
10
Suppose -5*w + 70 = 5. Calculate the remainder when 88 is divided by w.
10
Let k = 193 + -44. Let a = k + -106. What is the remainder when a is divided by 15?
13
Let u = 426 + -301. What is the remainder when u is divided by 32?
29
Calculate the remainder when (-9)/((75/(-310))/15) is divided by 80.
78
Let b = 85 - -5. Suppose -b = -10*h + 4*h. What is the remainder when 72 is divided by h?
12
Suppose -4*v - 87 = 3*k, -2*v = v - 4*k + 34. Calculate the remainder when (0 + (-132)/(-9))*(-27)/v is divided by (-102)/(-8) - (-2)/8.
9
Let k(v) = -v + 2*v**2 + 2*v**2 + 16 + 3*v - 2*v**2. Calculate the remainder when 28 is divided by k(0).
12
Let p = -419 + 428. Calculate the remainder when 15 is divided by p.
6
Let g(w) = -70*w**3 + 7*w**2 + 11*w - 12. What is the remainder when g(-3) is divided by 13?
10
Suppose 0 = -7*m + 3*m + 120. Suppose -v + m = -0*v. Let f = v - 18. What is the remainder when f is divided by 7?
5
Let r = 2 - -1. Let h(v) = -v**3 + 3*v**2 + 5*v - 4. Let n = 19 + 12. Calculate the remainder when n is divided by h(r).
9
Let k be (1 - 6) + 11 + -2. Suppose 2*p - 59 = -5*o, -124 = -k*p - 4*o - 36. What is the remainder when p is divided by 5?
2
Calculate the remainder when 374 is divided by (-121)/(-9) + (-28)/63.
10
Suppose -5*c = -4*z + 1852, -11*z + 3*c + 1386 = -8*z. What is the remainder when z is divided by 25?
8
Suppose -3*d = 4*d - 70. Calculate the remainder when 1 + 1 - (11 - 25) is divided by d.
6
Let j(o) = 6*o**3 - o. Suppose 5*b = 15, 2*g - 3*b - 33 = -8. Calculate the remainder when g is divided by j(1).
2
Suppose -2*v + 2*u = 0, 0 = 5*v + 3*u + 18 + 14. Let p = v - -11. Suppose -2*s - 6 = -4*m - 0*s, 0 = -5*s + 25. What is the remainder when p is divided by m?
3
Let a be ((-30)/12)/((-17)/(-8) + -2). Let c(y) = -y**2 - 22*y - 22. Calculate the remainder when 69 is divided by c(a).
15
Let t = 2299 - 3496. Calculate the remainder when 6/(-4) - -1 - t/38 is divided by 4.
3
Let o be 3/(-3 - -6) - 0. Suppose -4*h + 11 = -o. Suppose h*c - 36 = c. What is the remainder when 35 is divided by c?
17
Let i be 1/2 - ((-393)/6 + -7). Let l = i + -71. Calculate the remainder when 7 is divided by l.
1
Let g(h) be the second derivative of -13*h**3/6 - 2*h**2 - 13*h. What is the remainder when 34 is divided by g(-1)?
7
Suppose 5*n - 796 + 126 = 5*o, 5*n = 0. Let a be o/(-1 - (1 - 0)). Calculate the remainder when a/2*(2 + 0) is divided by 23.
21
Let l be (0 - 0)/(3 - 5). Let a = 11 - -5. What is the remainder when (-45)/(-2 + (l - -1)) is divided by a?
13
Suppose -2 + 6 = 4*n. Let y = -5 + n. Calculate the remainder when 10 is divided by -12*-1*(-2)/y.
4
Let b(n) = -n**3 - 13. Let h be b(0). Let o(q) = -3*q - 15. What is the remainder when 0 - h - (-1 - -1) is divided by o(-6)?
1
Suppose -3*r + 52 = 5*l, 29 = l + 33. What is the remainder when 89 is divided by r?
17
Let x = 458 - 411. Calculate the remainder when 144 is divided by x.
3
Suppose 59*k - 7*k - 728 = 0. Calculate the remainder when 222 is divided by k.
12
Let x(i) = -i**3 - 6*i**2 + 11*i - 19. Calculate the remainder when x(-8) is divided by 19.
2
Let g = 195 - 84. Let r = g - 58. What is the remainder when r is divided by 12?
5
Let c = 9 - -3. Let g = c + -2. Let q = 0 + g. Calculate the remainder when 28 is divided by q.
8
Calculate the remainder when 2 + (-660)/(-9) - 19/57 is divided by 44.
31
Suppose i + 4*h - 165 = 0, 0 = -8*i + 5*i - 2*h + 475. What is the remainder when i is divided by 76?
5
What is the remainder when 158 is divided by (-21)/(-6)*(-80)/(-28)?
8
Let j be 32/(-17) + 2 - 682/17. What is the remainder when 188 is divided by 16/j + (-726)/(-15)?
44
Suppose 4*x + 5*t - 1088 = 0, 2*x + 0*t = -2*t + 544. Calculate the remainder when 302 is divided by (-32)/x - (-1296)/34.
36
Let g(b) = -b**3 + 5*b + 5. What is the remainder when g(-4) is divided by 3 + -7 - (-1*26 - 3)?
24
Suppose 2*x - 22 = 2*d, 3*d = -0*x - 2*x - 48. Let p = d + 38. What is the remainder when p is divided by 13?
11
Let w be 6/2 - (-154)/(-1). Let f = 217 + w. Calculate the remainder when f i